 + 1. Let x be r(-3). Suppose x*a - 1242 = -269. What is the tens digit of a?
3
Suppose -21*z = -47*z + 58994. Let a = z - 746. What is the hundreds digit of a?
5
Suppose -5*f - 2346 = -2*u, -19*f - 4 = -21*f. What is the units digit of u?
8
Let k(b) = -18*b + 17. Let c be k(-16). Suppose -479 = 8*x + c. Let r = 174 + x. What is the units digit of r?
6
Let y(c) = -67*c + 6. Let f be y(-8). Let t = 866 - f. What is the hundreds digit of t?
3
Let o = 9443 + -5946. What is the tens digit of o?
9
Suppose 5*z = u + 1829, -8*z - 15 = -11*z. What is the tens digit of (-5)/(20/u) - -7?
5
Let q(u) = u**2 + 8*u + 3. Let t be q(-8). Suppose 2*a - i + 4 = i, 5*a - 22 = -t*i. Suppose a*c - 30 = -0*c. What is the units digit of c?
5
Let u(f) be the first derivative of f**4/4 + f**3 - 4*f**2 - 4*f + 11. Let z be u(-3). Suppose 0 = -z*y + 17*y + 573. What is the tens digit of y?
9
Suppose 34*b = 69*b - 31*b - 312. What is the tens digit of b?
7
Suppose -106*w + 115*w = 37944. What is the tens digit of w?
1
Suppose -4*m + 64 = s - 225, 0 = -5*s + 5*m + 1320. Let k = s - 130. What is the tens digit of k?
3
Let w = 228 - 224. What is the hundreds digit of 849/w + 5 + 1/(-4)?
2
Let c(l) = 16*l + 24. Let q be c(14). Let k = -353 + q. Let i = 153 + k. What is the tens digit of i?
4
What is the thousands digit of 4 - ((7 + -4)/(21/(-14)) + -7263)?
7
Suppose 0 = -8*t + 2*v + 53144, 0 = 3*v - 2 + 14. What is the hundreds digit of t?
6
Suppose -2079 = -4*i - 5*i. Let m = 5 + i. Suppose 4*z - 2*z = m. What is the tens digit of z?
1
Suppose 21 = g + 4*l, -4*l + 9 = -3. Suppose 4*k = 4*f + 386 + 662, -g = -3*f. What is the units digit of k?
5
Let i be 1/(((-6)/15)/((-16)/10)). Suppose -i*o = -1143 - 1237. Suppose -16*d + 11*d = -o. What is the hundreds digit of d?
1
Suppose -771*z + 753*z + 124254 = 0. What is the thousands digit of z?
6
Let s(k) = -155 + 238*k + 246*k + 260. What is the hundreds digit of s(2)?
0
Let t = 493 + -565. Let z be 59/(-1) - (4 - 4). Let j = z - t. What is the units digit of j?
3
What is the hundreds digit of (-68)/306 - 228572/(-36)?
3
Suppose 23*a = 21*a - 3*m + 19, -2*m = -5*a. Suppose 3*q - 2*q = 3. Suppose -a*n + 385 = q*n. What is the units digit of n?
7
Let i(u) = 3*u**2 - 7*u + 13. Let k be i(10). Let o be k + 6*(-5)/10. Suppose o = 4*c + 4*c. What is the tens digit of c?
3
Suppose 4*b + i - 98774 = 0, -340*b + 344*b - 98768 = -4*i. What is the tens digit of b?
9
Let a(x) = -x**2 - 23*x + 22. Let v be (-8)/(-28) - (1 + 5/(-7)). Suppose 4*d - 25 = 3*o - v*d, -5*o - 59 = 2*d. What is the hundreds digit of a(o)?
1
Let c be (-1 + 1*9)/((-20)/(-10)). Suppose -c*m - 2*p + p = 1144, -5*m - 3*p - 1423 = 0. Let y = -186 - m. What is the hundreds digit of y?
1
Suppose 30 = 3*x + 3*x. Let b = -3 + x. Suppose 3*a = 3*t - 192, -b*t = -4*t + 3*a + 125. What is the units digit of t?
7
Let q(t) = t**2 + 10*t + 72. Suppose -3*x - 101 = 5*a, 3*a + 21*x = 22*x - 69. What is the units digit of q(a)?
6
Let a(r) = 14*r**2 - 19*r - 1166. What is the hundreds digit of a(-25)?
0
Let k(s) be the second derivative of 5*s**4/12 - 5*s**3 + 31*s**2 + 2*s - 32. What is the tens digit of k(17)?
9
Suppose -2*r + 97952 = 2*k, -48*r + 51*r = 5*k - 244864. What is the thousands digit of k?
8
Let n be (0/(-2))/(6/(-30)*-5). Suppose -4*t + t = u - 119, -u + 4*t + 105 = n. Suppose 0 = -3*r + 2*y + 339, r + 0*y - u = -2*y. What is the units digit of r?
3
Let c be 7 + ((-12)/5 - 33/55). Suppose -n + c*q = -2*n + 336, q = -2*n + 651. What is the tens digit of n?
2
Let d = -58 - -59. Suppose u + 0*u - 2*c - d = 0, -u - 5*c + 15 = 0. Suppose -4*t + 5*x + 470 = 0, 3*t + u*x = t + 220. What is the tens digit of t?
1
Let r(z) = -561*z + 287*z + 210 + 335*z. What is the tens digit of r(21)?
9
Suppose -5*q - 2*h = -5*h - 23052, -5*q = -h - 23054. Suppose -10*x + 602 = 182. What is the tens digit of q/21 - 24/x?
1
Suppose 0 = -4*i + 2*u + 38, -i - 18 = 5*u - 0. What is the tens digit of i + -3 + 119 - 7?
1
Let q be 6*(2 + 10/(-6)). Suppose 82 + 22 = -q*m. What is the hundreds digit of (-867)/(-4) - 13/m?
2
Suppose b + 1 = 6, 3*f - 4*b = 397. Let x be (-70 - -17) + (-26)/(-2). Let m = f + x. What is the tens digit of m?
9
What is the hundreds digit of (238669/248)/(1/8)?
6
Let b be -8 + 10 - (-5)/((-15)/6). Suppose 8*v - 6*v - 8 = b. Suppose -3*x + 5*q = x - 459, -v*x + 435 = 3*q. What is the tens digit of x?
1
What is the tens digit of ((-70)/(-56)*708)/3?
9
Let q = -656 - -1261. Let z = q + 630. What is the thousands digit of z?
1
Let y(j) = -j**2 + 12*j - 12. Let b be y(12). Let z(n) = -n**2 - 8*n - 6. Let q be z(b). What is the hundreds digit of 6/q*-9 - (1 + -202)?
2
Suppose 0 = -c + 5*x + 964, 9*c = 4*c - 5*x + 4850. Suppose 5*v - c = -5*d + 1031, 1240 = 3*v - 5*d. What is the hundreds digit of v?
4
Suppose -3*y - 2*p + 11259 = 0, -2*p + 7379 = 5*y - 11390. What is the thousands digit of y?
3
Suppose 6*r + 48 = 3*c + 2*r, 3*c + 5*r - 75 = 0. Suppose 0 = 5*v + 6*x - 26 - 29, 4*v - 44 = -x. Let t = c - v. What is the units digit of t?
9
Suppose 0 = h + 70*h - 285834 + 70633. What is the tens digit of h?
3
Let y(g) = 29*g - 2. Let m = -59 + 58. Let j be 4/m*(-5)/(-10) + 8. What is the units digit of y(j)?
2
Suppose -128*d + 1227721 = -2682551. What is the units digit of d?
9
Let l be -148 + -2 + 4 - 0. Let q = 204 + l. Let o = 32 + q. What is the tens digit of o?
9
Let j(q) = -3091*q + 4779. What is the hundreds digit of j(-5)?
2
Let u(l) be the first derivative of -l**4/4 - 2*l**3/3 + 15*l**2/2 + l - 6. Let q be u(-6). Let g = q + 13. What is the tens digit of g?
6
Let n = 5 - 3. Suppose -n*i - 116 = -878. What is the units digit of i?
1
Suppose 898 - 1005 = -3*a - h, 3*a + 5*h = 103. What is the tens digit of a?
3
Let q = 141 + -139. Suppose -2*h + 2*b = -6, h + 4*b = -q*h + 2. Suppose -u = 5*c - 54, u + h*u + 5*c - 172 = 0. What is the units digit of u?
9
Suppose j - 615 = -2*a - 0*j, 0 = 4*a + 4*j - 1232. Suppose a*c - 309*c = -2828. What is the hundreds digit of c?
4
Let a(k) = 9*k**2 + 37. Let r be a(-12). Suppose 4*o = -v + 338, -7*v + 3*v + 3*o = -r. What is the units digit of v?
4
Let b(t) = t**3 - 6*t**2 + 7*t + 8. Let x be (-10)/25 + 64/10. Let g be b(x). Let h = 2 + g. What is the units digit of h?
2
Let b(u) = -1119*u - 433. What is the hundreds digit of b(-23)?
3
Let q = 5103 + 1991. What is the thousands digit of q?
7
Let n be (1 - (0 + -5))/((-75)/50). Suppose 0*w - 5*w + 13 = 3*z, w - 1 = z. What is the units digit of (-1 + 2)/(z*n/(-124))?
1
Let n(v) = 12*v**3 - 3*v**2 - 11*v + 19. Let c be n(5). Suppose -h = o - c, 4*h + 4*o - 4171 = h. What is the hundreds digit of h?
3
Let n(l) be the first derivative of 8*l**3 - 3*l**2/2 - 11*l + 118. What is the hundreds digit of n(-5)?
6
Let w(o) = 245*o - 3247. What is the tens digit of w(77)?
1
What is the ten thousands digit of 11739 - (-5 - -11 - 6)?
1
What is the hundreds digit of 80/80*46/6*39?
2
Let k(s) = -s**2 + 28*s - 82. Let a be k(25). What is the tens digit of (-11)/(-2*a/(-630))?
9
Let y(g) be the second derivative of -7*g**3/2 + g**2 + 6*g. Let f be y(-11). Suppose -4*h = 21 - f. What is the tens digit of h?
5
Suppose -4*b + 0*c + 8 = -2*c, 4*b = -5*c + 22. Suppose -213 = -2*t - b*d, -4*t - 5*d - 43 = -466. What is the hundreds digit of t?
1
Let c(l) = -175*l + 268. Let b be (-111)/21 - (8/7)/(-4). What is the tens digit of c(b)?
4
Suppose 2*g + 53 = 65. Suppose -g*x + 450 = -3198. What is the units digit of x?
8
What is the tens digit of (7 - (19 - 6)) + 18755?
4
Let t = -6 + -24. Let b be 18/(-12)*t/9. Suppose -4*d = 3*p - b*p + 92, -5*d = 2*p - 47. What is the tens digit of p?
3
Let w(b) = 3*b**2 + 50*b + 283. What is the tens digit of w(-55)?
0
Suppose 16*v - 149618 = 6*v - 4*v. What is the ten thousands digit of v?
1
What is the units digit of (-682)/((-8)/(-30)*80/(-32))?
3
Let j be 3/36*3 + 139191/52. Let u = 4010 - j. What is the thousands digit of u?
1
Suppose -954*t + 1126664 = -877*t. What is the tens digit of t?
3
Let i(v) = 510*v + 2466. What is the units digit of i(5)?
6
Let v(s) = -s - 43. Let u be v(-8). Let m = u + 27. Let o = m + 12. What is the units digit of o?
4
Let d = 107418 + -75620. What is the units digit of d?
8
Let y(r) = -2*r + 23. Let v be y(10). Suppose 5*w = -5*m + v*w - 15, 3